?
102
In base 5, what is -3 + 10331?
10323
In base 9, what is -26 - 4566?
-4603
In base 2, what is 100 + -100001010011?
-100001001111
In base 2, what is -101 + 1011011011001100010?
1011011011001011101
In base 13, what is 23c - 68?
1a4
In base 9, what is 3 - 2375?
-2372
In base 8, what is 506 - -1233?
1741
In base 8, what is -26504 - 46?
-26552
In base 11, what is -162 - -69?
-a4
In base 5, what is 4333 - 4?
4324
In base 5, what is -213 + 2022?
1304
In base 14, what is -4d - -26?
-27
In base 2, what is 101110001 - 10100111011?
-1111001010
In base 4, what is -11 - 2013102321?
-2013102332
In base 8, what is -245514 + -2?
-245516
In base 12, what is 9 + -206b?
-2062
In base 4, what is 132 + -101031101?
-101030303
In base 16, what is 7 - -19c9?
19d0
In base 6, what is -32 + -35200?
-35232
In base 12, what is -47 + -aa33?
-aa7a
In base 9, what is 7 + -620632?
-620624
In base 15, what is -30 - -324b?
321b
In base 15, what is 56a - 64?
506
In base 13, what is -180 - 1aa?
-35a
In base 4, what is 233 + 103300?
110133
In base 6, what is -4 + 32123252?
32123244
In base 2, what is -100 + 110001110000100?
110001110000000
In base 6, what is 410242 - 52?
410150
In base 13, what is 7a6 + -3?
7a3
In base 12, what is 12ba9b + 5?
12baa4
In base 5, what is -21 - -103021021?
103021000
In base 8, what is 553723 + -4?
553717
In base 3, what is -12102121 + -112?
-12110010
In base 15, what is be + 367?
436
In base 16, what is f + 3e6a?
3e79
In base 16, what is 2f3 - 7a6?
-4b3
In base 14, what is -15598 + -c?
-155a6
In base 7, what is 42640 - -3?
42643
In base 13, what is 62 + 737?
799
In base 13, what is 4 + -38228?
-38224
In base 15, what is -3 - -6929e?
6929b
In base 6, what is -2 - 555535?
-555541
In base 13, what is 3 + -24a81?
-24a7b
In base 16, what is 7 + 6cff?
6d06
In base 14, what is -1c6c0 + -7?
-1c6c7
In base 8, what is 2260254 + 2?
2260256
In base 7, what is -2024 - 1311?
-3335
In base 2, what is -11001100001111001 + 0?
-11001100001111001
In base 8, what is 2061 + -2?
2057
In base 4, what is -11130 - -110110?
32320
In base 16, what is -3d19d - 9?
-3d1a6
In base 11, what is 139 + -910?
-782
In base 4, what is -20 - -122120?
122100
In base 3, what is 21 + -10221?
-10200
In base 12, what is -11920a - 5?
-119213
In base 12, what is -1a13 - 1?
-1a14
In base 9, what is 1 - 27638?
-27637
In base 9, what is -842 + -6?
-848
In base 3, what is 222210022 + 10?
222210102
In base 9, what is 345 - 123?
222
In base 15, what is -5 + -a99ea?
-a9a00
In base 5, what is 2 + -130003304?
-130003302
In base 8, what is 5 + 12407?
12414
In base 11, what is -1 + -376281?
-376282
In base 4, what is -233021100 + -10?
-233021110
In base 2, what is -101011000110010 + -10?
-101011000110100
In base 15, what is 4cd + 9e?
57c
In base 6, what is 100 - -3402?
3502
In base 5, what is -1 - 2140124?
-2140130
In base 13, what is b95040 + 2?
b95042
In base 5, what is -203423403 + 10?
-203423343
In base 3, what is 21102011 + -10000?
21022011
In base 14, what is -1574 + 36?
-153c
In base 6, what is 14440 + 2420?
21300
In base 11, what is -105 + 755?
650
In base 9, what is -75884 - -3?
-75881
In base 12, what is -2 + -bba2?
-bba4
In base 12, what is 1630 - 416?
1216
In base 12, what is -22766a - 4?
-227672
In base 14, what is -1 + -1711?
-1712
In base 6, what is -234 + -202223?
-202501
In base 16, what is -136d2 + 6?
-136cc
In base 5, what is -200102 + 3010?
-142042
In base 10, what is -20936 + 18?
-20918
In base 2, what is 101111010000 + 10001?
101111100001
In base 7, what is -565 + 13255?
12360
In base 2, what is 101101011010 - 10101?
101101000101
In base 16, what is 7729 + -45?
76e4
In base 4, what is 11123 + 131203?
202332
In base 9, what is 4 - -65173?
65177
In base 3, what is 2002001122 - 1?
2002001121
In base 16, what is 44 + 10db?
111f
In base 3, what is -202201010202 + -12?
-202201010221
In base 3, what is 20 - -122111?
122201
In base 9, what is 125 - 1058?
-833
In base 12, what is -330b - -1?
-330a
In base 3, what is -120102 - -1111221?
221112
In base 7, what is -4 - -30206?
30202
In base 12, what is 10b3 + -3?
10b0
In base 13, what is 1 - 85024?
-85023
In base 12, what is -b2b68 + -21?
-b2b89
In base 12, what is 4362 - b2?
4270
In base 15, what is 4d - 4514?
-44b6
In base 15, what is 0 + 3b27a?
3b27a
In base 4, what is 123 - -10023232?
10030021
In base 3, what is -1 + -2110211?
-2110212
In base 11, what is 188 + 55?
232
In base 15, what is -2527 - 7?
-252e
In base 9, what is 400 + -426?
-26
In base 15, what is -5 + -aa5?
-aaa
In base 2, what is -10010000100111010101 - -1?
-10010000100111010100
In base 13, what is 1bc82 - -15?
1bc97
In base 7, what is -4211 - -1133?
-3045
In base 4, what is -11 + 10332010?
10331333
In base 5, what is -10422000 - 10?
-10422010
In base 7, what is -10614 + 4452?
-3132
In base 5, what is 34 - -104012?
104101
In base 11, what is 33 - -1a91?
2014
In base 14, what is -118a - -22d?
-d5b
In base 7, what is -220510 - 4?
-220514
In base 14, what is -10729 + 1?
-10728
In base 5, what is -3200014 - 13?
-3200032
In base 15, what is 502 - 5d?
494
In base 2, what is 100 - -10000111111?
10001000011
In base 15, what is -3 + e8ec3?
e8ec0
In base 2, what is 101 - 111001000110011101?
-111001000110011000
In base 6, what is -2152 + 350?
-1402
In base 13, what is 9 - -13443c?
134448
In base 13, what is 0 - 19a0c?
-19a0c
In base 7, what is -3 - 52015?
-52021
In base 5, what is 2223420 + -3?
2223412
In base 4, what is 12 + 312303?
312321
In base 8, what is -122 - -761?
637
In base 10, what is 3 + -361775?
-361772
In base 12, what is 34 - 715?
-6a1
In base 3, what is 101220012021 + 2?
101220012100
In base 3, what is -1100 + -112112122?
-112120222
In base 6, what is 10255 - 2?
10253
In base 15, what is -1 - -2674?
2673
In base 6, what is 14014 - -4354?
22412
In base 8, what is -226 - 7017?
-7245
In base 4, what is -102110 + 1?
-102103
In base 8, what is -5415 - -1?
-5414
In base 6, what is 50 + -4200?
-4110
In base 4, what is 0 + 1312301132?
1312301132
In base 13, what is -18 + 8b74?
8b59
In base 14, what is b9 + 54d6?
55b1
In base 2, what is 100010000110110 + 11?
100010000111001
In base 14, what is -223c - 31?
-226d
In base 13, what is -4ab7 + -37c?
-5166
In base 8, what is -5 + -37746?
-37753
In base 11, what is -2 - 96a8?
-96aa
In base 6, what is -35 - -3244?
3205
In base 12, what is -5 - 58bbb?
-59004
In base 10, what is 24 + -133151?
-133127
In base 14, what is 99 - 6?
93
In base 16, what is -1 - 165dc?
-165dd
In base 9, what is 72 - 3754?
-3672
In base 2, what is -11111010101 - -100?
-11111010001
In base 12, what is -141b + -55?
-1474
In base 7, what is -20 - -1141041?
1141021
In base 12, what is -122 + 1825?
1703
In base 2, what is -100010011001110111101 + 11?
-100010011001110111010
In base 16, what is 19c - -3618?
37b4
In base 16, what is 48 - -ea?
132
In base 7, what is -14514142 + 2?
-14514140
In base 10, what is 314035 + 4?
314039
In base 16, what is -ee35 - -3f?
-edf6
In base 2, what is 11 + -11101100000011?
-11101100000000
In base 15, what is -169 + 46?
-123
In base 14, what is -1 + -1cc80?
-1cc81
In base 10, what is -38125 - -2?
-38123
In base 7, what is 144314 - -2?
144316
In base 8, what is 241 + -466?
-225
In base 2, what is -11010111011010 - 110?
-11010111100000
In base 12, what is 27 + 21106?
21131
In base 14, what is 77c - -6c6?
1064
In base 16, what is 44f - -ed?
53c
In base 12, what is 490 + 74?
544
In base 8, what is -27 - -1700?
1651
In base 14, what is -138 - 180?
-2b8
In base 6, what is -15013 + -1433?
-20450
In base 12, what is a2 - -4544?
4626
In base 7, what is -1022 + -2512?
-3534
In base 11, what is -4 + -1696?
-169a
In base 5, what is 1 - -422?
423
In base 3, what is -10 + -11122102021?
-11122102101
In base 12, what is -70a - 5?
-713
In base 5, what is 4032340 + 20?
4032410
In base 15, what is 36 + -1be?
-188
In base 5, what is 4 - 24042242?
-24042233
In base 4, what is 20232232331 - -1?
20232232332
In base 4, what is -1 + 2033331?
2033330
In base 10, what is 888451 - -1?
888452
In base 15, what is -e917 - -3?
-e914
In base 4, what is -10121030 + -1?
-10121031
In base 3, what is -1110 - 111011211?
-111020021
In base 8, what is -2156 + 0?
-2156
In base 14, what is -3a9 + -c4?
-48d
In base 10, what is -14467 - 151?
-14618
In base 5, what is 22204302 